?
True
Does 229 divide 206458?
False
Does 294 divide 221008?
False
Is 150450 a multiple of 354?
True
Does 83 divide 1134859?
True
Is 454 a factor of 2427992?
True
Is 15 a factor of 434435?
False
Is 48939 a multiple of 7?
False
Does 8 divide 1080796?
False
Is 24795 a multiple of 261?
True
Does 21 divide 4347168?
True
Is 8 a factor of 787688?
True
Does 25 divide 440125?
True
Does 440 divide 8078892?
False
Is 929616 a multiple of 142?
False
Is 1897457 a multiple of 40?
False
Does 160 divide 27357?
False
Does 13 divide 239239?
True
Is 23 a factor of 273805?
False
Does 11 divide 680229?
True
Does 19 divide 722714?
False
Is 105 a factor of 49395?
False
Does 253 divide 626169?
False
Is 248 a factor of 423829?
False
Does 232 divide 5422196?
False
Is 5 a factor of 54580?
True
Is 1284038 a multiple of 574?
True
Is 1190 a factor of 2325260?
True
Is 347 a factor of 248199?
False
Does 308 divide 246422?
False
Does 53 divide 17251818?
True
Does 42 divide 405685?
False
Is 3715162 a multiple of 18?
False
Is 83 a factor of 1763086?
True
Does 140 divide 53340?
True
Is 8643055 a multiple of 768?
False
Is 290517 a multiple of 179?
True
Is 2950533 a multiple of 146?
False
Is 81078 a multiple of 198?
False
Is 3191285 a multiple of 227?
False
Is 6534680 a multiple of 47?
False
Is 151 a factor of 118535?
True
Is 28 a factor of 302064?
True
Is 6387960 a multiple of 13?
False
Is 869387 even?
False
Does 87 divide 558366?
True
Does 58 divide 1350994?
True
Is 96126 a multiple of 222?
True
Does 29 divide 190153?
True
Does 14 divide 23506?
True
Is 530 a factor of 300740?
False
Does 14 divide 5882982?
True
Is 7 a factor of 85659?
True
Is 656522 a multiple of 91?
False
Is 1456175 a multiple of 13?
False
Does 12 divide 2710548?
True
Does 67 divide 12626?
False
Is 6 a factor of 565638?
True
Is 12 a factor of 2187120?
True
Does 17 divide 2120?
False
Is 115 a factor of 27630820?
True
Does 14 divide 618036?
False
Does 71 divide 156342?
True
Is 637858 a multiple of 7?
False
Does 110 divide 172159?
False
Is 21 a factor of 1328229?
True
Does 11 divide 279334?
True
Does 8 divide 330859?
False
Is 5905273 a multiple of 23?
True
Is 5758086 a multiple of 665?
False
Is 294 a factor of 55566?
True
Is 57 a factor of 22828490?
False
Is 638037 a multiple of 30?
False
Is 7150176 a multiple of 366?
True
Is 1544571 a multiple of 279?
False
Does 39 divide 1028988?
False
Is 14 a factor of 21924?
True
Is 4671832 a multiple of 88?
True
Is 3821215 a multiple of 581?
False
Does 51 divide 148216?
False
Is 7263146 a multiple of 25?
False
Is 10 a factor of 28703?
False
Is 158118 a multiple of 146?
True
Does 31 divide 3531706?
True
Does 99 divide 2919312?
True
Is 38 a factor of 3888668?
False
Does 55 divide 80470?
False
Is 1969965 a multiple of 16?
False
Does 131 divide 17292?
True
Is 9 a factor of 96480?
True
Is 22 a factor of 186230?
True
Is 388 a factor of 12253032?
False
Is 15 a factor of 1676783?
False
Is 130 a factor of 413010?
True
Does 146 divide 21155215?
False
Is 29 a factor of 260420?
True
Does 297 divide 176240?
False
Is 1399 a factor of 5309379?
False
Is 201 a factor of 8873081?
False
Does 618 divide 2457661?
False
Is 2 a factor of 13834?
True
Is 322 a factor of 531277?
False
Is 120825 a multiple of 100?
False
Is 5271208 a multiple of 38?
True
Is 759297 a multiple of 133?
True
Is 305532 a multiple of 492?
True
Does 4 divide 4992071?
False
Does 11 divide 378708?
True
Does 182 divide 5524268?
False
Is 1430080 a multiple of 4?
True
Does 10 divide 1151758?
False
Is 247 a factor of 1811498?
True
Does 5 divide 394110?
True
Does 84 divide 57624?
True
Does 26 divide 4160?
True
Is 154 a factor of 48356?
True
Is 14747882 a multiple of 35?
False
Is 592 a factor of 961446?
False
Is 42159 a multiple of 13?
True
Is 404 a factor of 1820093?
False
Does 399 divide 22743?
True
Is 201 a factor of 2195322?
True
Does 18 divide 341783?
False
Is 8 a factor of 1605831?
False
Does 56 divide 98998?
False
Is 250665 a multiple of 4?
False
Does 25 divide 1426778?
False
Is 50 a factor of 22671600?
True
Does 10 divide 2164484?
False
Does 134 divide 148204?
True
Is 2995520 a multiple of 23?
True
Is 172 a factor of 177848?
True
Does 16 divide 1279104?
True
Is 4553 a multiple of 7?
False
Is 100984 a multiple of 13?
True
Is 1184536 a multiple of 76?
True
Is 8 a factor of 93615?
False
Is 106 a factor of 39538?
True
Is 93167 a multiple of 151?
True
Does 21 divide 629811?
True
Is 602086 a multiple of 22?
False
Is 325864 a multiple of 14?
True
Does 41 divide 1616959?
False
Is 1350949 a multiple of 75?
False
Is 53120 a multiple of 40?
True
Does 58 divide 221618?
True
Is 1825715 a multiple of 235?
True
Does 731 divide 430559?
True
Is 38 a factor of 5310273?
False
Is 172 a factor of 214484?
True
Does 68 divide 1000642?
False
Is 1952230 a multiple of 334?
True
Is 12 a factor of 778186?
False
Is 18394584 a multiple of 456?
True
Is 365 a factor of 514156?
False
Does 12 divide 5980694?
False
Is 7091898 a multiple of 865?
False
Is 1618617 a multiple of 1573?
True
Does 887 divide 1322517?
True
Is 39 a factor of 1615841?
False
Does 1841 divide 17995775?
True
Is 153113 a multiple of 19?
False
Is 10 a factor of 419820?
True
Is 254 a factor of 129727?
False
Is 3 a factor of 173631?
True
Is 1036938 a multiple of 294?
True
Is 135 a factor of 8100?
True
Is 357986 a multiple of 5?
False
Is 5 a factor of 35697?
False
Is 108 a factor of 3299940?
True
Is 47 a factor of 89471?
False
Is 312000 a multiple of 150?
True
Does 1151 divide 21582230?
False
Is 1939236 a multiple of 806?
True
Does 29 divide 358933?
True
Does 853 divide 127097?
True
Is 90 a factor of 2714266?
False
Does 126 divide 290178?
True
Does 16 divide 77520?
True
Does 346 divide 5751212?
True
Is 671491 a multiple of 645?
False
Is 1135 a factor of 1560625?
True
Is 2 a factor of 872497?
False
Is 30 a factor of 1236443?
False
Does 63 divide 2753267?
False
Is 239378 a multiple of 144?
False
Does 99 divide 2396988?
True
Is 69 a factor of 889368?
False
Is 28752 a multiple of 24?
True
Is 187 a factor of 822617?
False
Is 1119 a factor of 2469040?
False
Is 58 a factor of 84564?
True
Is 15 a factor of 396690?
True
Is 125 a factor of 204744?
False
Is 91 a factor of 2358866?
False
Is 58 a factor of 97234?
False
Does 3 divide 24801?
True
Is 330820 a multiple of 35?
True
Is 11908043 a multiple of 23?
True
Does 13 divide 83408?
True
Is 244 a factor of 120732?
False
Is 593065 a multiple of 46?
False
Is 6 a factor of 3547621?
False
Is 31 a factor of 1092791?
False
Is 4601560 a multiple of 268?
True
Is 1772013 a multiple of 15?
False
Does 34 divide 886550?
True
Does 292 divide 47428?
False
Is 730336 a multiple of 16?
True
Does 63 divide 610092?
True
Is 36 a factor of 21204?
True
Is 1316606 a multiple of 100?
False
Is 195078 a multiple of 39?
True
Is 67014 a multiple of 27?
True
Does 79 divide 498703?
False
Is 371480 a multiple of 42?
False
Is 556364 a multiple of 78?
False
Does 10 divide 1414390?
True
Does 411 divide 12828132?
True
Does 55 divide 383616?
False
Is 1481927 a multiple of 17?
False
Does 164 divide 22309458?
False
Is 267700 a multiple of 25?
True
Is 118 a factor of 111068?
False
Is 18 a factor of 309226?
False
Does 32 divide 1536740?
False
Is 11 a factor of 4488?
True
Is 3583080 a multiple of 444?
True
Is 407943 a multiple of 87?
True
Is 87 a factor of 4958017?
False
Is 574704 a multiple of 156?
True
Does 11 divide 2259015?
True
Does 17 divide 74569?
False
Is 6500608 a multiple of 256?
True
Does 658 divide 409783?
False
Is 18 a factor of 1109412?
True
Is 90371 a multiple of 30?
False
Does 2 divide 8535?
False
Is 40932 a multiple of 6?
True
Does 18 divide 18576?
True
Is 4 a factor of 5089913?
False
Does 5 divide 1112625?
True
Is 7 a factor of 485465?
False
Is 18240450 a multiple of 880?
False
Does 226 divide 6736834?
True
Does 1095 divide 744600?
True
Does 17 divide 19722686?
True
Does 580 divide 701800?
True
Does 30 divide 77180?
False
Does 13 divide 35221498?
True
Is 2 a factor of 1184627?
False
Is 129893 a multiple of 164?
False
Is 128 a factor of 743680?
True
Is 17660181 a multiple of 979?
True
Is 41 a factor of 432017?
True
Is 1029863 a multiple of 70?
False
Is 114784 a multiple of 12?
False
Is 88697 a multiple of 92?
False
Does 22 divide 39732?
True
Is 25966 a multiple of 17?
False
Is 